{"id":79,"date":"2023-10-30T14:30:51","date_gmt":"2023-10-30T13:30:51","guid":{"rendered":"https:\/\/chalet-le-freney.com\/?page_id=79"},"modified":"2024-06-28T16:58:46","modified_gmt":"2024-06-28T14:58:46","slug":"appartement-rdc","status":"publish","type":"page","link":"https:\/\/chalet-le-freney.com\/?page_id=79","title":{"rendered":"Appartement rez-de-chauss\u00e9e"},"content":{"rendered":"\n<p><\/p>\n\n\n\n<div class=\"wp-block-columns is-layout-flex wp-container-core-columns-is-layout-1 wp-block-columns-is-layout-flex\">\n<div class=\"wp-block-column is-layout-flow wp-block-column-is-layout-flow\" style=\"flex-basis:10%\"><\/div>\n\n\n\n<div class=\"wp-block-column is-layout-flow wp-block-column-is-layout-flow\" style=\"flex-basis:40%\">\n<p><strong>Description:<\/strong><\/p>\n\n\n\n<p>Appartement de 57 m2 pour 6 personnes.<br>Situ\u00e9 au rez-de-chauss\u00e9e du chalet avec 1 chambre avec un lit double, 1 chambre avec 2 lits simples et un canap\u00e9 convertible dans le s\u00e9jour.<\/p>\n<\/div>\n\n\n\n<div class=\"wp-block-column is-layout-flow wp-block-column-is-layout-flow\" style=\"flex-basis:40%\">\n<p><strong>Services:<\/strong><\/p>\n\n\n\n<ul>\n<li>Acc\u00e8s wifi gratuit<\/li>\n\n\n\n<li>Parking Priv\u00e9<\/li>\n\n\n\n<li>Entr\u00e9e ind\u00e9pendante<\/li>\n\n\n\n<li>Animaux accept\u00e9s (avec accord du propri\u00e9taire)<\/li>\n\n\n\n<li>A proximit\u00e9 propri\u00e9taire<\/li>\n<\/ul>\n\n\n\n<p><br> <\/p>\n<\/div>\n\n\n\n<div class=\"wp-block-column is-layout-flow wp-block-column-is-layout-flow\" style=\"flex-basis:10%\"><\/div>\n<\/div>\n\n\n\n<div class=\"wp-block-columns is-layout-flex wp-container-core-columns-is-layout-2 wp-block-columns-is-layout-flex\">\n<div class=\"wp-block-column is-layout-flow wp-block-column-is-layout-flow\" style=\"flex-basis:10%\"><\/div>\n\n\n\n<div class=\"wp-block-column is-layout-flow wp-block-column-is-layout-flow\" style=\"flex-basis:40%\">\n<p><strong>Equipements:<\/strong><\/p>\n<\/div>\n\n\n\n<div class=\"wp-block-column is-layout-flow wp-block-column-is-layout-flow\" style=\"flex-basis:40%\"><\/div>\n\n\n\n<div class=\"wp-block-column is-layout-flow wp-block-column-is-layout-flow\" style=\"flex-basis:10%\"><\/div>\n<\/div>\n\n\n\n<div class=\"wp-block-columns is-layout-flex wp-container-core-columns-is-layout-3 wp-block-columns-is-layout-flex\">\n<div class=\"wp-block-column is-layout-flow wp-block-column-is-layout-flow\" style=\"flex-basis:10%\"><\/div>\n\n\n\n<div class=\"wp-block-column is-layout-flow wp-block-column-is-layout-flow\" style=\"flex-basis:28%\">\n<ul>\n<li>Coin cuisine \u00e9quip\u00e9<\/li>\n\n\n\n<li>Four<\/li>\n\n\n\n<li>Lave vaisselle<\/li>\n\n\n\n<li>Micro-ondes<\/li>\n\n\n\n<li>R\u00e9frig\u00e9rateur<\/li>\n\n\n\n<li>&#8230;<\/li>\n<\/ul>\n<\/div>\n\n\n\n<div class=\"wp-block-column is-layout-flow wp-block-column-is-layout-flow\" style=\"flex-basis:28%\">\n<ul>\n<li>Canap\u00e9 convertible<\/li>\n\n\n\n<li>T\u00e9l\u00e9vision<\/li>\n\n\n\n<li>Balcon<\/li>\n<\/ul>\n<\/div>\n\n\n\n<div class=\"wp-block-column is-layout-flow wp-block-column-is-layout-flow\" style=\"flex-basis:28%\">\n<ul>\n<li>1 salle de douche<\/li>\n\n\n\n<li>Lave linge<\/li>\n\n\n\n<li>S\u00e8che cheveux<\/li>\n\n\n\n<li>Mat\u00e9riel de repassage<\/li>\n<\/ul>\n<\/div>\n\n\n\n<div class=\"wp-block-column is-layout-flow wp-block-column-is-layout-flow\" style=\"flex-basis:6%\"><\/div>\n<\/div>\n\n\n\n<div class=\"wp-block-image-gallery-block-image-gallery-block\"><div class=\"eb-parent-wrapper eb-parent-eb-image-gallery-6sejmnt \"><div class=\"eb-gallery-img-wrapper eb-image-gallery-6sejmnt grid overlay-bottom caption-style-0   no-isotope \" data-id=\"eb-image-gallery-6sejmnt\"><a href=\"http:\/\/chalet-le-freney.com\/wp-content\/uploads\/2023\/10\/20231031_150734-scaled.jpg\" rel=\"noopener\" data-fslightbox=\"gallery\" data-type=\"image\" class=\"eb-gallery-img-content eb-filter-img-\"><span class=\"eb-gallery-link-wrapper\"><img decoding=\"async\" class=\"eb-gallery-img\" src=\"http:\/\/chalet-le-freney.com\/wp-content\/uploads\/2023\/10\/20231031_150734-scaled.jpg\" image-index=\"0\" alt=\"\"\/><\/span><\/a><a href=\"http:\/\/chalet-le-freney.com\/wp-content\/uploads\/2023\/10\/20231031_150655-scaled.jpg\" rel=\"noopener\" data-fslightbox=\"gallery\" data-type=\"image\" class=\"eb-gallery-img-content eb-filter-img-\"><span class=\"eb-gallery-link-wrapper\"><img decoding=\"async\" class=\"eb-gallery-img\" src=\"http:\/\/chalet-le-freney.com\/wp-content\/uploads\/2023\/10\/20231031_150655-scaled.jpg\" image-index=\"1\" alt=\"\"\/><\/span><\/a><a href=\"http:\/\/chalet-le-freney.com\/wp-content\/uploads\/2023\/10\/20231031_150618-scaled.jpg\" rel=\"noopener\" data-fslightbox=\"gallery\" data-type=\"image\" class=\"eb-gallery-img-content eb-filter-img-\"><span class=\"eb-gallery-link-wrapper\"><img decoding=\"async\" class=\"eb-gallery-img\" src=\"http:\/\/chalet-le-freney.com\/wp-content\/uploads\/2023\/10\/20231031_150618-scaled.jpg\" image-index=\"2\" alt=\"\"\/><\/span><\/a><a href=\"http:\/\/chalet-le-freney.com\/wp-content\/uploads\/2023\/10\/20231031_150559-scaled.jpg\" rel=\"noopener\" data-fslightbox=\"gallery\" data-type=\"image\" class=\"eb-gallery-img-content eb-filter-img-\"><span class=\"eb-gallery-link-wrapper\"><img decoding=\"async\" class=\"eb-gallery-img\" src=\"http:\/\/chalet-le-freney.com\/wp-content\/uploads\/2023\/10\/20231031_150559-scaled.jpg\" image-index=\"3\" alt=\"\"\/><\/span><\/a><a href=\"http:\/\/chalet-le-freney.com\/wp-content\/uploads\/2023\/10\/20231031_150544-scaled.jpg\" rel=\"noopener\" data-fslightbox=\"gallery\" data-type=\"image\" class=\"eb-gallery-img-content eb-filter-img-\"><span class=\"eb-gallery-link-wrapper\"><img decoding=\"async\" class=\"eb-gallery-img\" src=\"http:\/\/chalet-le-freney.com\/wp-content\/uploads\/2023\/10\/20231031_150544-scaled.jpg\" image-index=\"4\" alt=\"\"\/><\/span><\/a><a href=\"http:\/\/chalet-le-freney.com\/wp-content\/uploads\/2023\/10\/20231031_150522-scaled.jpg\" rel=\"noopener\" data-fslightbox=\"gallery\" data-type=\"image\" class=\"eb-gallery-img-content eb-filter-img-\"><span class=\"eb-gallery-link-wrapper\"><img decoding=\"async\" class=\"eb-gallery-img\" src=\"http:\/\/chalet-le-freney.com\/wp-content\/uploads\/2023\/10\/20231031_150522-scaled.jpg\" image-index=\"5\" alt=\"\"\/><\/span><\/a><a href=\"http:\/\/chalet-le-freney.com\/wp-content\/uploads\/2023\/10\/20231031_145828-scaled.jpg\" rel=\"noopener\" data-fslightbox=\"gallery\" data-type=\"image\" class=\"eb-gallery-img-content eb-filter-img-\"><span class=\"eb-gallery-link-wrapper\"><img decoding=\"async\" class=\"eb-gallery-img\" src=\"http:\/\/chalet-le-freney.com\/wp-content\/uploads\/2023\/10\/20231031_145828-scaled.jpg\" image-index=\"6\" alt=\"\"\/><\/span><\/a><a href=\"http:\/\/chalet-le-freney.com\/wp-content\/uploads\/2023\/10\/20231031_145816-scaled.jpg\" rel=\"noopener\" data-fslightbox=\"gallery\" data-type=\"image\" class=\"eb-gallery-img-content eb-filter-img-\"><span class=\"eb-gallery-link-wrapper\"><img decoding=\"async\" class=\"eb-gallery-img\" src=\"http:\/\/chalet-le-freney.com\/wp-content\/uploads\/2023\/10\/20231031_145816-scaled.jpg\" image-index=\"7\" alt=\"\"\/><\/span><\/a><a href=\"http:\/\/chalet-le-freney.com\/wp-content\/uploads\/2023\/10\/20231031_145707-scaled.jpg\" rel=\"noopener\" data-fslightbox=\"gallery\" data-type=\"image\" class=\"eb-gallery-img-content eb-filter-img-\"><span class=\"eb-gallery-link-wrapper\"><img decoding=\"async\" class=\"eb-gallery-img\" src=\"http:\/\/chalet-le-freney.com\/wp-content\/uploads\/2023\/10\/20231031_145707-scaled.jpg\" image-index=\"8\" alt=\"\"\/><\/span><\/a><a href=\"http:\/\/chalet-le-freney.com\/wp-content\/uploads\/2023\/10\/20231031_145534-scaled.jpg\" rel=\"noopener\" data-fslightbox=\"gallery\" data-type=\"image\" class=\"eb-gallery-img-content eb-filter-img-\"><span class=\"eb-gallery-link-wrapper\"><img decoding=\"async\" class=\"eb-gallery-img\" src=\"http:\/\/chalet-le-freney.com\/wp-content\/uploads\/2023\/10\/20231031_145534-scaled.jpg\" image-index=\"9\" alt=\"\"\/><\/span><\/a><a href=\"http:\/\/chalet-le-freney.com\/wp-content\/uploads\/2023\/10\/20231031_145441-scaled.jpg\" rel=\"noopener\" data-fslightbox=\"gallery\" data-type=\"image\" class=\"eb-gallery-img-content eb-filter-img-\"><span class=\"eb-gallery-link-wrapper\"><img decoding=\"async\" class=\"eb-gallery-img\" src=\"http:\/\/chalet-le-freney.com\/wp-content\/uploads\/2023\/10\/20231031_145441-scaled.jpg\" image-index=\"10\" alt=\"\"\/><\/span><\/a><a href=\"http:\/\/chalet-le-freney.com\/wp-content\/uploads\/2024\/06\/20240628_145345-scaled.jpg\" rel=\"noopener\" data-fslightbox=\"gallery\" data-type=\"image\" class=\"eb-gallery-img-content eb-filter-img-\"><span class=\"eb-gallery-link-wrapper\"><img decoding=\"async\" class=\"eb-gallery-img\" src=\"http:\/\/chalet-le-freney.com\/wp-content\/uploads\/2024\/06\/20240628_145345-scaled.jpg\" image-index=\"11\" alt=\"\"\/><\/span><\/a><a href=\"http:\/\/chalet-le-freney.com\/wp-content\/uploads\/2024\/06\/20240628_145406-scaled.jpg\" rel=\"noopener\" data-fslightbox=\"gallery\" data-type=\"image\" class=\"eb-gallery-img-content eb-filter-img-\"><span class=\"eb-gallery-link-wrapper\"><img decoding=\"async\" class=\"eb-gallery-img\" src=\"http:\/\/chalet-le-freney.com\/wp-content\/uploads\/2024\/06\/20240628_145406-scaled.jpg\" image-index=\"12\" alt=\"\"\/><\/span><\/a><a href=\"http:\/\/chalet-le-freney.com\/wp-content\/uploads\/2024\/06\/20240628_145508-scaled.jpg\" rel=\"noopener\" data-fslightbox=\"gallery\" data-type=\"image\" class=\"eb-gallery-img-content eb-filter-img-\"><span class=\"eb-gallery-link-wrapper\"><img decoding=\"async\" class=\"eb-gallery-img\" src=\"http:\/\/chalet-le-freney.com\/wp-content\/uploads\/2024\/06\/20240628_145508-scaled.jpg\" image-index=\"13\" alt=\"\"\/><\/span><\/a><\/div><\/div><\/div>\n\n\n\n<hr class=\"wp-block-separator has-alpha-channel-opacity is-style-wide\"\/>\n\n\n\n<div class=\"wp-block-columns is-layout-flex wp-container-core-columns-is-layout-4 wp-block-columns-is-layout-flex\"><\/div>\n","protected":false},"excerpt":{"rendered":"<p>Description: Appartement de 57 m2 pour 6 personnes.Situ\u00e9 au rez-de-chauss\u00e9e du chalet avec 1 chambre avec un lit double, 1 chambre avec 2 lits simples et un canap\u00e9 convertible dans le s\u00e9jour. Services: Equipements:<\/p>\n","protected":false},"author":1,"featured_media":0,"parent":0,"menu_order":0,"comment_status":"closed","ping_status":"closed","template":"template-page-builder-no-sidebar.php","meta":{"_eb_attr":"","om_disable_all_campaigns":false,"_monsterinsights_skip_tracking":false,"_monsterinsights_sitenote_active":false,"_monsterinsights_sitenote_note":"","_monsterinsights_sitenote_category":0,"ocean_post_layout":"","ocean_both_sidebars_style":"","ocean_both_sidebars_content_width":0,"ocean_both_sidebars_sidebars_width":0,"ocean_sidebar":"","ocean_second_sidebar":"","ocean_disable_margins":"enable","ocean_add_body_class":"","ocean_shortcode_before_top_bar":"","ocean_shortcode_after_top_bar":"","ocean_shortcode_before_header":"","ocean_shortcode_after_header":"","ocean_has_shortcode":"","ocean_shortcode_after_title":"","ocean_shortcode_before_footer_widgets":"","ocean_shortcode_after_footer_widgets":"","ocean_shortcode_before_footer_bottom":"","ocean_shortcode_after_footer_bottom":"","ocean_display_top_bar":"default","ocean_display_header":"default","ocean_header_style":"","ocean_center_header_left_menu":"","ocean_custom_header_template":"","ocean_custom_logo":0,"ocean_custom_retina_logo":0,"ocean_custom_logo_max_width":0,"ocean_custom_logo_tablet_max_width":0,"ocean_custom_logo_mobile_max_width":0,"ocean_custom_logo_max_height":0,"ocean_custom_logo_tablet_max_height":0,"ocean_custom_logo_mobile_max_height":0,"ocean_header_custom_menu":"","ocean_menu_typo_font_family":"","ocean_menu_typo_font_subset":"","ocean_menu_typo_font_size":0,"ocean_menu_typo_font_size_tablet":0,"ocean_menu_typo_font_size_mobile":0,"ocean_menu_typo_font_size_unit":"px","ocean_menu_typo_font_weight":"","ocean_menu_typo_font_weight_tablet":"","ocean_menu_typo_font_weight_mobile":"","ocean_menu_typo_transform":"","ocean_menu_typo_transform_tablet":"","ocean_menu_typo_transform_mobile":"","ocean_menu_typo_line_height":0,"ocean_menu_typo_line_height_tablet":0,"ocean_menu_typo_line_height_mobile":0,"ocean_menu_typo_line_height_unit":"","ocean_menu_typo_spacing":0,"ocean_menu_typo_spacing_tablet":0,"ocean_menu_typo_spacing_mobile":0,"ocean_menu_typo_spacing_unit":"","ocean_menu_link_color":"","ocean_menu_link_color_hover":"","ocean_menu_link_color_active":"","ocean_menu_link_background":"","ocean_menu_link_hover_background":"","ocean_menu_link_active_background":"","ocean_menu_social_links_bg":"","ocean_menu_social_hover_links_bg":"","ocean_menu_social_links_color":"","ocean_menu_social_hover_links_color":"","ocean_disable_title":"default","ocean_disable_heading":"default","ocean_post_title":"","ocean_post_subheading":"","ocean_post_title_style":"","ocean_post_title_background_color":"","ocean_post_title_background":0,"ocean_post_title_bg_image_position":"","ocean_post_title_bg_image_attachment":"","ocean_post_title_bg_image_repeat":"","ocean_post_title_bg_image_size":"","ocean_post_title_height":0,"ocean_post_title_bg_overlay":0.5,"ocean_post_title_bg_overlay_color":"","ocean_disable_breadcrumbs":"default","ocean_breadcrumbs_color":"","ocean_breadcrumbs_separator_color":"","ocean_breadcrumbs_links_color":"","ocean_breadcrumbs_links_hover_color":"","ocean_display_footer_widgets":"default","ocean_display_footer_bottom":"default","ocean_custom_footer_template":"","footnotes":""},"aioseo_notices":[],"_links":{"self":[{"href":"https:\/\/chalet-le-freney.com\/index.php?rest_route=\/wp\/v2\/pages\/79"}],"collection":[{"href":"https:\/\/chalet-le-freney.com\/index.php?rest_route=\/wp\/v2\/pages"}],"about":[{"href":"https:\/\/chalet-le-freney.com\/index.php?rest_route=\/wp\/v2\/types\/page"}],"author":[{"embeddable":true,"href":"https:\/\/chalet-le-freney.com\/index.php?rest_route=\/wp\/v2\/users\/1"}],"replies":[{"embeddable":true,"href":"https:\/\/chalet-le-freney.com\/index.php?rest_route=%2Fwp%2Fv2%2Fcomments&post=79"}],"version-history":[{"count":49,"href":"https:\/\/chalet-le-freney.com\/index.php?rest_route=\/wp\/v2\/pages\/79\/revisions"}],"predecessor-version":[{"id":669,"href":"https:\/\/chalet-le-freney.com\/index.php?rest_route=\/wp\/v2\/pages\/79\/revisions\/669"}],"wp:attachment":[{"href":"https:\/\/chalet-le-freney.com\/index.php?rest_route=%2Fwp%2Fv2%2Fmedia&parent=79"}],"curies":[{"name":"wp","href":"https:\/\/api.w.org\/{rel}","templated":true}]}}